the prime factors of 51126186?
2, 3, 2089, 4079
List the prime factors of 158436369.
3, 7, 13, 193451
List the prime factors of 20960976.
2, 3, 436687
List the prime factors of 1015414809.
3, 8929, 37907
List the prime factors of 2972854591.
7, 181, 823, 2851
What are the prime factors of 2284338767?
2903, 786889
List the prime factors of 9206087.
11, 836917
What are the prime factors of 458972041?
11, 41724731
List the prime factors of 44341472.
2, 7, 28279
What are the prime factors of 149914386?
2, 3, 8328577
What are the prime factors of 83408433?
3, 43, 646577
What are the prime factors of 2042420100?
2, 3, 5, 7, 972581
List the prime factors of 161692766.
2, 41, 487, 4049
List the prime factors of 109315944.
2, 3, 1518277
List the prime factors of 7948222448.
2, 109, 4557467
What are the prime factors of 4428073?
13, 103, 3307
What are the prime factors of 7449299?
11, 13, 113, 461
List the prime factors of 1366112942.
2, 719, 950009
What are the prime factors of 6946421579?
23311, 297989
What are the prime factors of 240494642?
2, 149, 521, 1549
List the prime factors of 20313113.
17, 1194889
List the prime factors of 81797835.
3, 5, 7, 29, 26863
List the prime factors of 102710507.
79, 1300133
List the prime factors of 1945534355.
5, 19, 43, 641, 743
What are the prime factors of 183294461?
7, 83, 315481
What are the prime factors of 84442639?
139, 163, 3727
What are the prime factors of 325585987?
29, 103, 109001
List the prime factors of 995708343.
3, 7, 17, 2789099
List the prime factors of 6268398.
2, 3, 1044733
What are the prime factors of 1589917841?
12899, 123259
What are the prime factors of 353614125?
3, 5, 137, 6883
List the prime factors of 1835481601.
29, 63292469
What are the prime factors of 65943108?
2, 3, 7, 11, 23789
List the prime factors of 2675115.
3, 5, 59447
List the prime factors of 1296081298.
2, 113, 5734873
What are the prime factors of 7129431011?
7129431011
List the prime factors of 1623694351.
331, 4905421
What are the prime factors of 98723957?
1873, 52709
What are the prime factors of 734483754?
2, 3, 29, 463, 1013
List the prime factors of 203003326.
2, 2063, 49201
List the prime factors of 81881917.
13, 6298609
List the prime factors of 49658221.
557, 89153
List the prime factors of 45769865.
5, 17, 463, 1163
What are the prime factors of 2084395670?
2, 5, 7, 17, 31, 56503
List the prime factors of 759878902.
2, 2731, 139121
What are the prime factors of 4078036697?
7, 1181, 493291
What are the prime factors of 76998431?
19, 4052549
What are the prime factors of 4637119929?
3, 13, 118900511
What are the prime factors of 302496519?
3, 13, 7756321
List the prime factors of 3560130692.
2, 2099, 424027
List the prime factors of 186944833.
53, 3527261
What are the prime factors of 2213370815?
5, 89, 4973867
List the prime factors of 3350782860.
2, 3, 5, 1877, 29753
What are the prime factors of 1093215980?
2, 5, 149, 366851
List the prime factors of 1262171743.
7, 229, 16069
What are the prime factors of 14707954?
2, 61, 120557
What are the prime factors of 35319870?
2, 3, 5, 392443
What are the prime factors of 1136520287?
7, 41, 53, 74717
List the prime factors of 381429657.
3, 7, 619, 9781
List the prime factors of 832874953.
491, 1696283
What are the prime factors of 46771000?
2, 5, 46771
List the prime factors of 55323685.
5, 31, 356927
List the prime factors of 1289346621.
3, 1123, 382709
What are the prime factors of 1451075719?
1451075719
What are the prime factors of 28687903?
127, 225889
List the prime factors of 369943002.
2, 3, 11, 13, 101, 1423
List the prime factors of 453254364.
2, 3, 127, 99137
List the prime factors of 307112189.
269, 311, 3671
What are the prime factors of 192711509?
19, 43, 235877
What are the prime factors of 735715?
5, 269, 547
List the prime factors of 222393419.
1063, 209213
List the prime factors of 1147148496.
2, 3, 13, 43, 14251
List the prime factors of 719036546.
2, 359518273
What are the prime factors of 125927997?
3, 13, 761, 4243
What are the prime factors of 858774964?
2, 191, 1124051
What are the prime factors of 372462826?
2, 17, 10954789
What are the prime factors of 676412772?
2, 3, 7, 241, 33413
List the prime factors of 6135843493.
13, 471987961
List the prime factors of 4446654702.
2, 3, 7, 19, 701, 7949
List the prime factors of 109477510.
2, 5, 10947751
List the prime factors of 494992562.
2, 31, 7983751
List the prime factors of 26877696.
2, 3, 79, 443
What are the prime factors of 363981008?
2, 293, 77641
List the prime factors of 8256575.
5, 223, 1481
What are the prime factors of 5249388371?
23, 4817, 47381
List the prime factors of 107236194.
2, 3, 13, 149, 9227
List the prime factors of 5119141566.
2, 3, 7, 11, 67, 165379
List the prime factors of 1025138378.
2, 11, 4236109
What are the prime factors of 59782353?
3, 17, 31, 37813
What are the prime factors of 204200303?
204200303
What are the prime factors of 233579688?
2, 3, 29, 67, 5009
List the prime factors of 1382270380.
2, 5, 83, 832693
List the prime factors of 2845513572.
2, 3, 11, 21556921
What are the prime factors of 1297459886?
2, 648729943
What are the prime factors of 65246287?
65246287
List the prime factors of 38906360.
2, 5, 587, 1657
List the prime factors of 1790696887.
7, 17, 885169
List the prime factors of 5555392667.
11, 439, 1150423
List the prime factors of 2563651399.
19, 134929021
List the prime factors of 194345414.
2, 19, 29, 176357
List the prime factors of 2437034417.
43, 56675219
List the prime factors of 26945890.
2, 5, 59, 109, 419
List the prime factors of 68580387.
3, 103, 167, 443
What are the prime factors of 21561305?
5, 4312261
What are the prime factors of 532588443?
3, 47, 3777223
List the prime factors of 190490854.
2, 4021, 23687
List the prime factors of 2794917267.
3, 7489, 41467
What are the prime factors of 1155764255?
5, 61, 929, 4079
What are the prime factors of 1784846577?
3, 163, 3649993
What are the prime factors of 27786289?
443, 62723
List the prime factors of 80298900.
2, 3, 5, 11, 8111
What are the prime factors of 32598957?
3, 109, 131, 761
List the prime factors of 332474693.
431, 771403
What are the prime factors of 154151260?
2, 5, 2423, 3181
What are the prime factors of 65607738?
2, 3, 7, 1562089
What are the prime factors of 1617533237?
1617533237
List the prime factors of 92083851.
3, 3410513
List the prime factors of 4818634117.
11, 331, 1323437
What are the prime factors of 1941319063?
17, 149, 45083
What are the prime factors of 64164058?
2, 7, 4583147
What are the prime factors of 4261288140?
2, 3, 5, 1109, 21347
List the prime factors of 4757174571.
3, 19, 23, 509, 7129
What are the prime factors of 17178441?
3, 7, 818021
List the prime factors of 461432283.
3, 13, 67, 176591
What are the prime factors of 15632351?
7, 439, 5087
What are the prime factors of 841273753?
31, 61, 444883
What are the prime factors of 10104634?
2, 5052317
List the prime factors of 172219396.
2, 43054849
List the prime factors of 704466558.
2, 3, 4348559
What are the prime factors of 69707902?
2, 11, 31, 43, 2377
What are the prime factors of 43232352?
2, 3, 31, 73, 199
List the prime factors of 22990879.
2161, 10639
What are the prime factors of 48133618?
2, 13, 23, 80491
List the prime factors of 172282217.
172282217
List the prime factors of 780476214.
2, 3, 7, 127, 20903
List the prime factors of 749464746.
2, 3, 3889, 32119
List the prime factors of 117654944.
2, 11, 334247
What are the prime factors of 17285134?
2, 8642567
What are the prime factors of 916192027?
19, 41, 1176113
What are the prime factors of 193140618?
2, 3, 11, 1307, 2239
What are the prime factors of 835203671?
109, 7662419
List the prime factors of 384744190.
2, 5, 38474419
What are the prime factors of 3980515099?
11, 17, 929, 2083
List the prime factors of 49585186.
2, 7, 29, 122131
What are the prime factors of 24919578?
2, 3, 67, 20663
List the prime factors of 1472404.
2, 17, 59, 367
List the prime factors of 2594530497.
3, 13, 17, 3913319
List the prime factors of 510022019.
13, 59, 73, 9109
What are the prime factors of 2125436394?
2, 3, 23, 409, 37657
What are the prime factors of 444049377?
3, 103, 1437053
What are the prime factors of 176168588?
2, 44042147
